 = -104. What is the units digit of t?
1
Let m(v) = v**2 + 18. Let q be m(0). Let p be 292/24 + (-3)/q. Let y = 16 + p. What is the units digit of y?
8
Let d = 1279 - 443. Suppose -d - 268 = -16*c. What is the units digit of c?
9
Let k = -16 + 23. Suppose 4*t + 61 = 2*c + k, -38 = -2*c - 4*t. Suppose 3*l - 64 = c. What is the tens digit of l?
2
Let q(b) be the second derivative of -4*b**3 - 3*b**2/2 - 13*b. Let r be q(-6). Let x = -84 + r. What is the units digit of x?
7
Let u(y) = -222*y - 80. What is the hundreds digit of u(-3)?
5
Let b = 13 - 13. Let z be 9/2*(b - -2). Suppose 5*q - 5*j = 120, -q + 2*q + 2*j - z = 0. What is the units digit of q?
9
Let w(s) = 72*s**2 - 511 + 2*s + 96*s**2 + 512. What is the hundreds digit of w(-1)?
1
Let b = 16 - 27. Let m(w) = w**3 + 12*w**2 + 9*w - 16. What is the units digit of m(b)?
6
Let v = 21 - 5. Let x = -34 + v. Let y = x - -21. What is the units digit of y?
3
Let m(u) = 18*u**2 - 32*u + 148. What is the tens digit of m(4)?
0
Let p(u) = 89*u**2 - 2*u - 9. What is the hundreds digit of p(3)?
7
Let o = 583 - 348. Suppose 5*v - 172 = -2*u, -2*u = -5*u + 4*v + o. Suppose -4*n + u = -n. What is the units digit of n?
7
Suppose -4*v = -v + 4*i - 26, v + 4*i = 6. Let y be ((-36)/v)/(4/(-100)). What is the units digit of 1/(2 + y/(-46))?
3
Suppose 312*f = 306*f + 17262. What is the thousands digit of f?
2
Let w = -445 + 692. What is the units digit of w?
7
Let z = 399 - 13. What is the tens digit of z?
8
Suppose 0 = -195*o + 196*o + 29. Suppose 0 = -0*w - w + 89. Let v = o + w. What is the tens digit of v?
6
Let c be 58 + 3/12*4. Let t = 129 - c. Let n = t + -35. What is the units digit of n?
5
Suppose 59*x - 76842 = 25641. What is the hundreds digit of x?
7
Let l be (4/(-6))/(58/1305). Let q be 10/3*(5 - -1). What is the tens digit of l/q + (-230)/(-8)?
2
Let h be ((-52)/39)/((-2)/3). Let u be ((-31)/h)/((-2)/4). Let j = -2 + u. What is the units digit of j?
9
Suppose -4*h = 4*a - 5548, 13*a - 8*a + 5521 = 4*h. What is the tens digit of h?
8
Let k(a) = -4 + a + 3 + 1. Let r = 4 + 7. What is the units digit of k(r)?
1
Suppose 0 = -12*t + 4*t + 208. Let h = t + -1. What is the units digit of h?
5
Let p(v) = v**2 + 2*v - 3. Let o be p(-3). Let d(a) = 6 - a**3 - 4*a**2 - 3 - a - 3*a**2 + 6*a**2. What is the units digit of d(o)?
3
Let a be 0 - (5/1 - 2). Let n(x) = x**2 - x - 4. Let g(i) = -i**2 - i - 1. Let u(d) = -2*g(d) + n(d). What is the tens digit of u(a)?
2
Let z(o) = 2*o**2 + 6*o + 12 + 10*o - 3*o - 2*o. What is the units digit of z(-6)?
8
Let c = -1204 + 3288. What is the tens digit of c?
8
Let m be (-33 - (-3)/3)*30/4. Let g = -143 - m. What is the units digit of g?
7
Let c be 5*3 + 0 + 1. Let p be 0/(((-12)/(-3))/4). What is the tens digit of -1 - ((3 - c) + p)?
1
Let p = 6 + 39. Let g = p + -21. What is the units digit of g?
4
What is the tens digit of 8/52 - 91248/(-78)?
7
Suppose 4*k = -i - 13, -3*k - 19 = 4*i + 2*k. Let r(c) = -c**3 + 1. Let w(l) = l**2 + 8*l - 8. Let u(j) = i*w(j) - r(j). What is the tens digit of u(5)?
6
Let h = 11 + -15. Let n be (h - -5)/(2/20). Suppose g = 2*g - n. What is the units digit of g?
0
What is the hundreds digit of -14 - -23 - (-1 - 783)?
7
Let f(x) = x**2 - x - 1. Let t(z) = -4*z**2 + 7*z - 6. Let l(j) = -f(j) - t(j). What is the tens digit of l(4)?
3
Let t be (57 + 4)/(-3 + 0 + 2). Let r = 169 + t. What is the tens digit of r?
0
Let b = 23 + -1. Suppose -4*f + 86 = b. Let s = f - 6. What is the units digit of s?
0
Let t = 2113 - 1151. What is the hundreds digit of t?
9
Suppose l = 2*q + 4740, -l = -60*q + 59*q - 4737. What is the units digit of l?
4
Let x = -2 + -8. What is the hundreds digit of ((-276)/x)/(4/(240/9))?
1
Suppose 2*i + 138 = 508. Suppose -8*r + 9*r - i = 0. Suppose r = 7*n - 2*n. What is the units digit of n?
7
Suppose -2*o + o - 8 = -2*h, o = -2. Let z(f) = -3*f**2 + 17 - 11 + f + f + f**h. What is the tens digit of z(4)?
3
Suppose 20 = -i + 29. Let o = i - 6. Suppose -j - 2*x + 30 + 30 = 0, -196 = -o*j + 2*x. What is the tens digit of j?
6
Let a be -1*2 - (-72)/(-3). Let g = 41 + a. What is the units digit of g?
5
Let o = 8 - 3. Suppose -o*q + 9*q = 312. Suppose -5*m + 2*m = -q. What is the tens digit of m?
2
Suppose 3*x = -3*w - w, -w = 2*x. Suppose x*u = -3*u + 252. What is the units digit of u?
4
Let p = 11 + -9. Suppose -5*f + 6 = p*b, -3*b + 4*f + 12 = b. What is the units digit of (-5 - b/(-1))/(-2)?
1
Suppose 24*u - 22990 = -14*u. What is the hundreds digit of u?
6
Let x(k) = k**2 + 8*k + 9. Let p be x(-8). Let q(h) = -2*h**2 + 2. Let j be q(2). What is the units digit of (-3*10)/(p/j)?
0
Let a = 14 + -11. Suppose -a*p = p - 140. Suppose -u - p = -2*u + 2*x, -5*u = -2*x - 159. What is the tens digit of u?
3
Let t = -11 - -6. Let n(i) = -i**3 - 3*i**2 + 4*i - 5. Let x be n(t). Suppose -2*q + 40 = 5*h - x, 2*h + 2*q = 32. What is the tens digit of h?
1
Let r be -2*(-3 + 3 + 1). What is the tens digit of (-2)/(r/97 - 0)?
9
What is the units digit of 4014/8 + 9/36?
2
Let m = 13 + -7. Suppose 0 = 4*q + 6 + m, 0 = -v + 4*q + 12. Suppose 0 = -v*w - 4*w + 76. What is the units digit of w?
9
Suppose -5*c + 2*c = p - 3243, -4*c = -2*p + 6456. What is the thousands digit of p?
3
Let g = -58 + 54. What is the tens digit of 6/g*(-404)/3?
0
Let a be 218 - (3 - -1)/(-2 - -3). Let k = -90 + a. What is the tens digit of k?
2
Let k be 2/10 + (-96)/(-20). Suppose -z + k = -r, 2*r = -3*z - r + 9. Suppose 0 = 5*p - z*h - 260, 2*h + 165 = 4*p - 49. What is the tens digit of p?
5
Suppose -3*s = 2*r - 630, 4*r - 1296 = 3*s - 0*s. What is the hundreds digit of r?
3
Let r(q) = q**2 - 2*q + 2. Let c be r(1). What is the units digit of 136/16 - c/2?
8
Suppose 0 = -8*d + 5*d - 12. What is the units digit of (-36)/27*42/d?
4
Let z(s) = -4*s**3 + 9*s**2 + 5*s + 5. Let a(n) = -1 + n + 3 + n**2 - n**3 - 1. Let v(b) = 3*a(b) - z(b). What is the units digit of v(7)?
3
Let l(j) = -j**2 - 29*j - 82. What is the units digit of l(-23)?
6
Let z = -2400 - -4718. What is the units digit of z?
8
What is the hundreds digit of -4 - 34/(-10) - (-62272)/20?
1
Let i = -100 - -106. Let p(n) = 6*n**2 - 10*n - 10. What is the units digit of p(i)?
6
Suppose 3*u - 33 = -4*i, 4*u = 2*i + 30 - 8. Suppose -3*q + 11 = -2*j, 3*q + 20 = 5*q + 5*j. Suppose -u*o + q*o = -60. What is the tens digit of o?
3
Suppose 3*k + 80 = -5*v - 783, 5 = -5*v. Let t = -201 - k. What is the tens digit of t?
8
Let b = 2632 - 1109. What is the tens digit of b?
2
Suppose 813 = g + 3*m, 6*g - 9*g = -4*m - 2478. What is the hundreds digit of g?
8
Let n = 0 + 60. Let f be (n/18)/((-2)/132). What is the tens digit of 3/(f/232 - -1)?
5
Suppose 2*i = -0*i - 12. Let x = -12 - i. What is the tens digit of (48/14)/(x/(-63))?
3
Suppose -j + 11*c = 12*c - 585, 0 = -4*j + 4*c + 2348. What is the units digit of j?
6
Let j(w) = -136*w**3 + w. Suppose 4*t = -4*a + 8*a, 2*t - 3*a = 1. What is the hundreds digit of j(t)?
1
Suppose -r - 2*r = -33. Suppose -a = -r - 1. What is the tens digit of (70/(-2))/((-6)/a)?
7
Let i(s) = -33*s - 2. Let q be i(-4). Suppose 2*m = -2 + q. What is the units digit of m?
4
Let r(d) = d**2 + d - 2. Let h be r(2). Suppose 47 = -3*m - h*t, 1 + 3 = -2*t. Let o = 13 - m. What is the tens digit of o?
2
Let p(n) = -n + 3. Let o be p(0). Suppose -2*b = 5*j + 3*b - 705, -b = o*j - 415. What is the hundreds digit of j?
1
Suppose 9095 = 5*m - 4*f, 5*m - 5*f = 10597 - 1497. What is the thousands digit of m?
1
Let i be 1*-5 + 2 + -1. Let z be 376/40 + (-2)/5. Let q = z + i. What is the units digit of q?
5
Suppose 2 + 18 = 2*d. Let g be 3/(-15) - (-42)/d. Suppose 5*h - 154 = -g*b, -h = -6*b + b - 54. What is the units digit of h?
4
Let v(j) = 24*j - 80. What is the hundreds digit of v(35)?
7
Suppose -6560 = -5*z - 6*p + 5*p, 0 = -3*p + 15. What is the tens digit of z?
1
Let p(q) = -3*q + 0 - 2*q + q + 13. What is the units digit of p(-4)?
9
Let i = 43 + -41. Let m(r) = 45*r - 4. Let k be m(i). Suppose -d - 4*d + 206 = 2*s, 2*d + 2*s = k. What is the tens digit of d?
4
Let q(b) = 9*b**2 + 10*b + 55. What is the tens digit of q(-10)?
5
Let s = -1413 + 3013. What is the thousands digit of s?
1
Suppose -49 = 5*g - 234. Let s be ((-34)/4)/(3/(-6)). Let u = g - s. What is the units digit of u?
0
What is the units di